{"id":11112,"date":"2025-06-26T21:04:32","date_gmt":"2025-06-26T19:04:32","guid":{"rendered":"http:\/\/localhost\/gautierinformatique\/?post_type=product&#038;p=11112"},"modified":"2025-06-26T21:12:06","modified_gmt":"2025-06-26T19:12:06","slug":"hp-tout-en-un-27-cr0153nh","status":"publish","type":"product","link":"https:\/\/gautierinformatique.com\/?product=hp-tout-en-un-27-cr0153nh","title":{"rendered":"HP tout en un 27-CR0153NH"},"content":{"rendered":"<p>HP tout en un 27-CR0153NH : 16GB \/ 1TB SSD \/ i7-1355u ( 13\u00e8me g\u00e9n\u00e9ration) \/ 27&Prime;Full HD TACTILE \/ clavier et souris avec fil \/ win11 pro (<\/p>\n","protected":false},"excerpt":{"rendered":"<p>HP tout en un 27-CR0153NH : 16GB \/ 1TB SSD \/ i7-1355u ( 13\u00e8me g\u00e9n\u00e9ration) \/ 27&Prime;Full HD TACTILE \/<\/p>\n","protected":false},"featured_media":11343,"comment_status":"open","ping_status":"closed","template":"","meta":[],"product_brand":[],"product_cat":[166,130],"product_tag":[],"class_list":{"0":"post-11112","1":"product","2":"type-product","3":"status-publish","4":"has-post-thumbnail","6":"product_cat-all-in-one","7":"product_cat-desktops","9":"first","10":"instock","11":"sale","12":"shipping-taxable","13":"purchasable","14":"product-type-simple"},"_links":{"self":[{"href":"https:\/\/gautierinformatique.com\/index.php?rest_route=\/wp\/v2\/product\/11112","targetHints":{"allow":["GET"]}}],"collection":[{"href":"https:\/\/gautierinformatique.com\/index.php?rest_route=\/wp\/v2\/product"}],"about":[{"href":"https:\/\/gautierinformatique.com\/index.php?rest_route=\/wp\/v2\/types\/product"}],"replies":[{"embeddable":true,"href":"https:\/\/gautierinformatique.com\/index.php?rest_route=%2Fwp%2Fv2%2Fcomments&post=11112"}],"version-history":[{"count":1,"href":"https:\/\/gautierinformatique.com\/index.php?rest_route=\/wp\/v2\/product\/11112\/revisions"}],"predecessor-version":[{"id":11344,"href":"https:\/\/gautierinformatique.com\/index.php?rest_route=\/wp\/v2\/product\/11112\/revisions\/11344"}],"wp:featuredmedia":[{"embeddable":true,"href":"https:\/\/gautierinformatique.com\/index.php?rest_route=\/wp\/v2\/media\/11343"}],"wp:attachment":[{"href":"https:\/\/gautierinformatique.com\/index.php?rest_route=%2Fwp%2Fv2%2Fmedia&parent=11112"}],"wp:term":[{"taxonomy":"product_brand","embeddable":true,"href":"https:\/\/gautierinformatique.com\/index.php?rest_route=%2Fwp%2Fv2%2Fproduct_brand&post=11112"},{"taxonomy":"product_cat","embeddable":true,"href":"https:\/\/gautierinformatique.com\/index.php?rest_route=%2Fwp%2Fv2%2Fproduct_cat&post=11112"},{"taxonomy":"product_tag","embeddable":true,"href":"https:\/\/gautierinformatique.com\/index.php?rest_route=%2Fwp%2Fv2%2Fproduct_tag&post=11112"}],"curies":[{"name":"wp","href":"https:\/\/api.w.org\/{rel}","templated":true}]}}