{"id":11816,"date":"2025-06-26T21:29:54","date_gmt":"2025-06-26T19:29:54","guid":{"rendered":"http:\/\/localhost\/gautierinformatique\/?post_type=product&#038;p=11816"},"modified":"2025-06-26T21:36:54","modified_gmt":"2025-06-26T19:36:54","slug":"ordinateur-de-bureau-dell-xps-8950","status":"publish","type":"product","link":"https:\/\/gautierinformatique.com\/?product=ordinateur-de-bureau-dell-xps-8950","title":{"rendered":"Ordinateur de bureau Dell XPS 8950"},"content":{"rendered":"<h1 class=\"title\">Ordinateur de bureau Dell XPS 8950 &#8211; Intel Core i9 12900K, 32 Go de RAM DDR5, 512 Go de SSD + 1 To de disque dur, NVIDIA GeForce RTX 3060 Ti, Wi-Fi 6 Killer, refroidissement liquide, Windows 11 Pro &#8211; Noir<\/h1>\n<div id=\"rewrite_description\" class=\"Product Details\">\n<ul class=\"product-points\">\n<li>\u3010M\u00e9moire et stockage haut d\u00e9bit\u3011Nous proposons des mises \u00e0 niveau optionnelles jusqu&rsquo;\u00e0 64 G DDR5, espace de stockage SSD 4 To. Le stockage SSD PCIe NVMe a des vitesses de chargement plus rapides afin que vous puissiez ouvrir rapidement un logiciel professionnel et charger des s\u00e9quences de jeu.<\/li>\n<li>\u301027\u00a0\u00bb FHD Touchscreen Display\u301127\u00a0\u00bb 1920&#215;1080 99 % sRGB Display, Inspiron 7730 All-in-One display dispose de Dell ComfortView Plus pour aider \u00e0 r\u00e9duire la lumi\u00e8re bleue nocive et d&rsquo;un panneau sans scintillement pour optimiser le confort oculaire. Optimiser l&rsquo;espace de travail<\/li>\n<li>\u3010NVIDIA GeForce MX570A\u3011NVIDIA MX570A Les graphiques vous permettent d&rsquo;importer, d&rsquo;\u00e9diter et de publier des vid\u00e9os et de traiter des fichiers PS. Il r\u00e9pond \u00e9galement \u00e0 des besoins de jeu mod\u00e9r\u00e9s.Intel Wi-Fi 6 E vous offre un environnement r\u00e9seau stable et rapide.<\/li>\n<li>\u3010Fabriqu\u00e9 pour le chat vid\u00e9o\u3011Mettez votre meilleur visage en avant, m\u00eame dans un \u00e9clairage \u00e0 contraste \u00e9lev\u00e9, avec une large plage dynamique, sur une cam\u00e9ra jusqu&rsquo;\u00e0 5 MP avec une fonction d&rsquo;inclinaison r\u00e9glable \u00e0 partir de 0 ~ 20 degr\u00e9s. Et, lorsque vous \u00eates pr\u00eat pour l&rsquo;intimit\u00e9, poussez simplement la cam\u00e9ra pop-up vers le bas pour la cacher.<\/li>\n<li>\u3010Syst\u00e8me d&rsquo;exploitation et batterie haute capacit\u00e9\u3011Windows 11 Pro b\u00e9n\u00e9ficie de toutes les fonctionnalit\u00e9s de Win 11 Home Edition, ainsi que de fonctionnalit\u00e9s plus professionnelles et professionnelles de gestion des appareils mobiles, de strat\u00e9gie de groupe et d&rsquo;itin\u00e9rance d&rsquo;\u00e9tat d&rsquo;entreprise. \u00c9quip\u00e9 d&rsquo;une batterie haute capacit\u00e9 de 90 Wh et d&rsquo;un AC 130 W. adaptateur.<\/li>\n<\/ul>\n<\/div>\n<div id=\"additional-info\">\n<div>\n<table id=\"product-attribute-specs-table\" class=\"featureTable\">\n<tbody>\n<tr>\n<td>Processeur<\/td>\n<td>Core i9 \u00e0 3,2 GHz<\/td>\n<\/tr>\n<tr>\n<td>B\u00c9LIER<\/td>\n<td>32 Go DDR5<\/td>\n<\/tr>\n<tr>\n<td>Vitesse de m\u00e9moire<\/td>\n<td>4400 MHz<\/td>\n<\/tr>\n<tr>\n<td>Disque dur<\/td>\n<td>SSD 1 To<\/td>\n<\/tr>\n<tr>\n<td>Marque de chipset<\/td>\n<td>NVIDIA<\/td>\n<\/tr>\n<tr>\n<td>Description de la carte<\/td>\n<td>GeForce RTX 3060Ti 8 Go<\/td>\n<\/tr>\n<tr>\n<td>Type sans fil<\/td>\n<td>Bluetooth, 802.11ax<\/td>\n<\/tr>\n<tr>\n<td>Marque<\/td>\n<td>De la<\/td>\n<\/tr>\n<tr>\n<td>S\u00e9rie<\/td>\n<td>1<\/td>\n<\/tr>\n<tr>\n<td>Num\u00e9ro de mod\u00e8le d&rsquo;\u00e9l\u00e9ment<\/td>\n<td>XPS8950-9894BLK-PUS<\/td>\n<\/tr>\n<tr>\n<td>Plateforme mat\u00e9rielle<\/td>\n<td>PC<\/td>\n<\/tr>\n<tr>\n<td>Syst\u00e8me d&rsquo;exploitation<\/td>\n<td>Windows 11 Professionnel<\/td>\n<\/tr>\n<tr class=\"packageweight\">\n<td>Poids de l&rsquo;article<\/td>\n<td>29,4 kg libres (13,34 kg)<\/td>\n<\/tr>\n<tr>\n<td>Dimensions du produit (L xl x H)<\/td>\n<td>16,8 x 6,81 x 14,68 pouces (42,7 x 17,3 x 37,3 cm)<\/td>\n<\/tr>\n<tr>\n<td>Dimensions de l&rsquo;article (L x l x H)<\/td>\n<td>16,8 x 6,81 x 14,68 pouces (42,7 x 17,3 x 37,3 cm)<\/td>\n<\/tr>\n<tr>\n<td>Couleur<\/td>\n<td>Noir<\/td>\n<\/tr>\n<tr>\n<td>Marque de processeur<\/td>\n<td>Intel<\/td>\n<\/tr>\n<tr>\n<td>Nombre de processeurs<\/td>\n<td>16<\/td>\n<\/tr>\n<tr>\n<td>Type de m\u00e9moire d&rsquo;ordinateur<\/td>\n<td>DDR5 SDRAM<\/td>\n<\/tr>\n<tr>\n<td>Taille de la m\u00e9moire flash<\/td>\n<td>512 Go<\/td>\n<\/tr>\n<tr>\n<td>Interface disque dur<\/td>\n<td>Serial ATA<\/td>\n<\/tr>\n<tr>\n<td>Type de lecteur optique<\/td>\n<td>BD-R<\/td>\n<\/tr>\n<tr>\n<td>Date de premi\u00e8re disponibilit\u00e9<\/td>\n<td>Ao\u00fbt 6, 2022<\/td>\n<\/tr>\n<tr>\n<td>Mod\u00e8le CPU<\/td>\n<td>Core i9<\/td>\n<\/tr>\n<tr>\n<td>Vitesse du processeur<\/td>\n<td>3,2 GHz<\/td>\n<\/tr>\n<tr>\n<td>Taille du cache<\/td>\n<td>30<\/td>\n<\/tr>\n<tr>\n<td>Description de la carte graphique<\/td>\n<td>GeForce RTX 3060Ti 8 Go<\/td>\n<\/tr>\n<tr>\n<td>Capacit\u00e9 de stockage de m\u00e9moire<\/td>\n<td>32 Go<\/td>\n<\/tr>\n<tr>\n<td>Utilisations sp\u00e9cifiques pour le produit<\/td>\n<td>Affaires<\/td>\n<\/tr>\n<tr>\n<td>Type de conception d&rsquo;ordinateur personnel<\/td>\n<td>Tour informatique<\/td>\n<\/tr>\n<tr>\n<td>M\u00e9moire Ram Taille install\u00e9e<\/td>\n<td>32 Go<\/td>\n<\/tr>\n<\/tbody>\n<\/table>\n<\/div>\n<\/div>\n","protected":false},"excerpt":{"rendered":"<p>Ordinateur de bureau Dell XPS 8950 &#8211; Intel Core i9 12900K, 32 Go de RAM DDR5, 512 Go de SSD<\/p>\n","protected":false},"featured_media":12065,"comment_status":"open","ping_status":"closed","template":"","meta":[],"product_brand":[],"product_cat":[145,140],"product_tag":[],"class_list":{"0":"post-11816","1":"product","2":"type-product","3":"status-publish","4":"has-post-thumbnail","6":"product_cat-business-desktops","7":"product_cat-laptop-gamer","9":"first","10":"instock","11":"sale","12":"shipping-taxable","13":"purchasable","14":"product-type-simple"},"_links":{"self":[{"href":"https:\/\/gautierinformatique.com\/index.php?rest_route=\/wp\/v2\/product\/11816","targetHints":{"allow":["GET"]}}],"collection":[{"href":"https:\/\/gautierinformatique.com\/index.php?rest_route=\/wp\/v2\/product"}],"about":[{"href":"https:\/\/gautierinformatique.com\/index.php?rest_route=\/wp\/v2\/types\/product"}],"replies":[{"embeddable":true,"href":"https:\/\/gautierinformatique.com\/index.php?rest_route=%2Fwp%2Fv2%2Fcomments&post=11816"}],"version-history":[{"count":1,"href":"https:\/\/gautierinformatique.com\/index.php?rest_route=\/wp\/v2\/product\/11816\/revisions"}],"predecessor-version":[{"id":12066,"href":"https:\/\/gautierinformatique.com\/index.php?rest_route=\/wp\/v2\/product\/11816\/revisions\/12066"}],"wp:featuredmedia":[{"embeddable":true,"href":"https:\/\/gautierinformatique.com\/index.php?rest_route=\/wp\/v2\/media\/12065"}],"wp:attachment":[{"href":"https:\/\/gautierinformatique.com\/index.php?rest_route=%2Fwp%2Fv2%2Fmedia&parent=11816"}],"wp:term":[{"taxonomy":"product_brand","embeddable":true,"href":"https:\/\/gautierinformatique.com\/index.php?rest_route=%2Fwp%2Fv2%2Fproduct_brand&post=11816"},{"taxonomy":"product_cat","embeddable":true,"href":"https:\/\/gautierinformatique.com\/index.php?rest_route=%2Fwp%2Fv2%2Fproduct_cat&post=11816"},{"taxonomy":"product_tag","embeddable":true,"href":"https:\/\/gautierinformatique.com\/index.php?rest_route=%2Fwp%2Fv2%2Fproduct_tag&post=11816"}],"curies":[{"name":"wp","href":"https:\/\/api.w.org\/{rel}","templated":true}]}}