{"id":14737,"date":"2026-02-03T17:58:16","date_gmt":"2026-02-03T17:58:16","guid":{"rendered":"https:\/\/gautierinformatique.com\/?post_type=product&#038;p=14737"},"modified":"2026-02-03T18:02:21","modified_gmt":"2026-02-03T18:02:21","slug":"gigabyte-gaming-a16-core-i7-13th-generation","status":"publish","type":"product","link":"https:\/\/gautierinformatique.com\/?product=gigabyte-gaming-a16-core-i7-13th-generation","title":{"rendered":"GIGABYTE Gaming A16 Core i7 13th g\u00e9n\u00e9ration"},"content":{"rendered":"<p>GIGABYTE Gaming A16<br \/>\nCore i7 13th g\u00e9n\u00e9ration<br \/>\n16 Go ram DDR5<br \/>\n512 Go SSD stockage<br \/>\n16.0 pouces FHD<br \/>\nNvidia GeForce RTX 5050 de 08Go DDDR7<br \/>\nWindows 11 home clavier fran\u00e7ais<\/p>\n","protected":false},"excerpt":{"rendered":"<div class=\"logo\"><a href=\"https:\/\/www.ldlc.com\/gigabyte\/bint000000990\/\" rel=\"nofollow\"><img decoding=\"async\" src=\"https:\/\/media.ldlc.com\/v3\/marque\/190\/C000000990.gif\" alt=\"Gigabyte\" \/><\/a><\/div>\n<div id=\"description\" class=\"description\">\n<div class=\"details-pdt-desc\">\n<h2 class=\"h2-master\">Confort et performance de jeu avec \u00e9cran 165 Hz<\/h2>\n<section>Gagnez en confort et jouez dans d&rsquo;excellentes conditions avec le\u00a0<strong>PC portable GIGABYTE GAMING A16<\/strong>\u00a0! Avec des composants ultra-performants, un \u00e9cran IPS 165 Hz, un clavier Gamer r\u00e9tro\u00e9clair\u00e9 et un syst\u00e8me audio de qualit\u00e9, il a tout ce qu&rsquo;il faut pour offrir une exp\u00e9rience de jeu nomade confortable.<\/section>\n<section>\n<div class=\"desc-image\"><img decoding=\"async\" src=\"https:\/\/media.ldlc.com\/bo\/images\/fiches\/pc_portables\/gigabyte\/gaming_a16\/801.jpg\" alt=\"\" \/><\/div>\n<div class=\"desc-text\">\n<h2>Processeur Intel de 13e g\u00e9n\u00e9ration<\/h2>\n<p>L&rsquo;ordinateur portable GIGABYTE GAMING A16 offre de hautes performances gr\u00e2ce \u00e0 son processeur Intel Core de 13e g\u00e9n\u00e9ration. Cette g\u00e9n\u00e9ration de processeur offre des avanc\u00e9es notables qui feront de ce PC portable un v\u00e9ritable monstre multit\u00e2che avec notamment un divertissement de haute qualit\u00e9.<\/p>\n<\/div>\n<\/section>\n<section>\n<div class=\"desc-text\">\n<h2>NVIDIA GeForce RTX 5060<\/h2>\n<p>Aliment\u00e9s par l&rsquo;architecture NVIDIA Blackwell, les GPU GeForce RTX s\u00e9rie 50 fournissent des capacit\u00e9s r\u00e9volutionnaires aux joueurs et aux cr\u00e9ateurs. La puissance d&rsquo;IA ph\u00e9nom\u00e9nale des mod\u00e8les de la s\u00e9rie RTX 50 vous aident \u00e0 vivre des exp\u00e9riences in\u00e9dites avec une fid\u00e9lit\u00e9 graphique incomparable. Acc\u00e9l\u00e9rez les performances visuelles avec le NVIDIA DLSS 4, g\u00e9n\u00e9rez des images \u00e0 une vitesse sans pr\u00e9c\u00e9dent et exprimez toute votre cr\u00e9ativit\u00e9 avec NVIDIA Studio.<\/p>\n<\/div>\n<div class=\"desc-image\"><img decoding=\"async\" src=\"https:\/\/media.ldlc.com\/bo\/images\/fiches\/pc_portables\/gigabyte\/Master_18\/802.jpg\" alt=\"\" \/><\/div>\n<\/section>\n<section>\n<div class=\"desc-image\"><img decoding=\"async\" src=\"https:\/\/media.ldlc.com\/bo\/images\/fiches\/pc_portables\/gigabyte\/gaming_a16\/803.jpg\" alt=\"\" \/><\/div>\n<div class=\"desc-text\">\n<h2>\u00c9cran de 16 pouces 165 Hz au format 16\/10<\/h2>\n<p>Avec son format 16\/10 et sa haute r\u00e9solution de 1920 x 1200, l&rsquo;\u00e9cran du GIGABYTE GAMING A16 offre un affichage confortable. Par ailleurs, l&rsquo;\u00e9cran \u00e0 taux de rafra\u00eechissement \u00e9lev\u00e9 de 165 Hz \u00e9limine le flou des mouvements et offre une exp\u00e9rience d&rsquo;image parfaitement fluide. Une vision claire de l&rsquo;ennemi est la cl\u00e9 de la victoire !<\/p>\n<\/div>\n<\/section>\n<section>\n<div class=\"desc-text\">\n<h2>Refroidissement Windforce<\/h2>\n<p>Le PC portable GIGABYTE GAMING A16 b\u00e9n\u00e9ficie d&rsquo;un syst\u00e8me de refroidissement Windforce compos\u00e9 notamment d&rsquo;une paire de ventilateurs avec technologie de ventilation 3D VortX qui optimiseront la circulation de l&rsquo;air. De plus, la technologie Icy Touch permet aux joueurs de contr\u00f4ler leur ordinateur confortablement, m\u00eame \u00e0 basse temp\u00e9rature.<\/p>\n<\/div>\n<div class=\"desc-image\"><img decoding=\"async\" src=\"https:\/\/media.ldlc.com\/bo\/images\/fiches\/pc_portables\/gigabyte\/aero_x16\/804.jpg\" alt=\"\" \/><\/div>\n<\/section>\n<section>\n<div class=\"desc-image\"><img decoding=\"async\" src=\"https:\/\/media.ldlc.com\/bo\/images\/fiches\/pc_portables\/gigabyte\/Master_16\/805.jpg\" alt=\"\" \/><\/div>\n<div class=\"desc-text\">\n<h2>GiMATE, Votre Agent IA Personnel<\/h2>\n<p>GiMATE, un agent IA innovant pour un contr\u00f4le mat\u00e9riel et logiciel sans faille, est au centre de la gamme Master, red\u00e9finissant le jeu, la cr\u00e9ation et la productivit\u00e9 \u00e0 l&rsquo;\u00e8re de l&rsquo;IA. De l&rsquo;annulation de bruit pilot\u00e9e par IA aux ajustements de ventilateur bas\u00e9s sur des sc\u00e9narios et \u00e0 l&rsquo;overclocking intelligent, GiMATE optimise votre exp\u00e9rience \u00e0 tout moment, n&rsquo;importe o\u00f9. Adapt\u00e9 \u00e0 vos besoins uniques, GiMATE garantit des performances sans faille et une assistance personnalis\u00e9e pour chaque t\u00e2che.<\/p>\n<\/div>\n<\/section>\n<section class=\"list\">\n<h2>Caract\u00e9ristiques principales :<\/h2>\n<ul>\n<li><strong>Processeur Intel Core i7-13620H<\/strong><\/li>\n<li>32 Go de m\u00e9moire DDR5<\/li>\n<li>\u00c9cran de 16&Prime; avec r\u00e9solution Full HD+ et fr\u00e9quence 165 Hz<\/li>\n<li>Puce graphique\u00a0<strong>NVIDIA GeForce RTX 5050 <\/strong>avec 8 Go de m\u00e9moire GDDR7<\/li>\n<li><strong>SSD M.2 PCIe de 512 <\/strong>+ 1 second slot M.2 libre<\/li>\n<li>Communication sans fil fiable et performante Wi-Fi 6E + Bluetooth 5.2<\/li>\n<li>Clavier r\u00e9tro\u00e9clair\u00e9 RGB (une seule active \u00e0 la fois)<\/li>\n<li>Webcam IR 1080p<\/li>\n<li>Adaptateur secteur 150 watts<\/li>\n<li><strong>Windows 11 Famille<\/strong><\/li>\n<li>Garantie constructeur 2 ans<\/li>\n<\/ul>\n<\/section>\n<\/div>\n<\/div>\n","protected":false},"featured_media":14744,"comment_status":"open","ping_status":"closed","template":"","meta":[],"product_brand":[109],"product_cat":[142],"product_tag":[],"class_list":{"0":"post-14737","1":"product","2":"type-product","3":"status-publish","4":"has-post-thumbnail","6":"product_brand-gigabyte","7":"product_cat-gaming-laptops","9":"first","10":"instock","11":"sale","12":"shipping-taxable","13":"purchasable","14":"product-type-simple"},"_links":{"self":[{"href":"https:\/\/gautierinformatique.com\/index.php?rest_route=\/wp\/v2\/product\/14737","targetHints":{"allow":["GET"]}}],"collection":[{"href":"https:\/\/gautierinformatique.com\/index.php?rest_route=\/wp\/v2\/product"}],"about":[{"href":"https:\/\/gautierinformatique.com\/index.php?rest_route=\/wp\/v2\/types\/product"}],"replies":[{"embeddable":true,"href":"https:\/\/gautierinformatique.com\/index.php?rest_route=%2Fwp%2Fv2%2Fcomments&post=14737"}],"version-history":[{"count":2,"href":"https:\/\/gautierinformatique.com\/index.php?rest_route=\/wp\/v2\/product\/14737\/revisions"}],"predecessor-version":[{"id":14750,"href":"https:\/\/gautierinformatique.com\/index.php?rest_route=\/wp\/v2\/product\/14737\/revisions\/14750"}],"wp:featuredmedia":[{"embeddable":true,"href":"https:\/\/gautierinformatique.com\/index.php?rest_route=\/wp\/v2\/media\/14744"}],"wp:attachment":[{"href":"https:\/\/gautierinformatique.com\/index.php?rest_route=%2Fwp%2Fv2%2Fmedia&parent=14737"}],"wp:term":[{"taxonomy":"product_brand","embeddable":true,"href":"https:\/\/gautierinformatique.com\/index.php?rest_route=%2Fwp%2Fv2%2Fproduct_brand&post=14737"},{"taxonomy":"product_cat","embeddable":true,"href":"https:\/\/gautierinformatique.com\/index.php?rest_route=%2Fwp%2Fv2%2Fproduct_cat&post=14737"},{"taxonomy":"product_tag","embeddable":true,"href":"https:\/\/gautierinformatique.com\/index.php?rest_route=%2Fwp%2Fv2%2Fproduct_tag&post=14737"}],"curies":[{"name":"wp","href":"https:\/\/api.w.org\/{rel}","templated":true}]}}